1204214?
1
What is the millions digit of 1430695?
1
What is the hundreds digit of 21092098?
0
What is the hundred thousands digit of 214656?
2
What is the ten thousands digit of 65860?
6
What is the thousands digit of 2314372?
4
What is the ten thousands digit of 201397?
0
What is the millions digit of 5439250?
5
What is the thousands digit of 15588950?
8
What is the tens digit of 1323085?
8
What is the hundred thousands digit of 156701?
1
What is the tens digit of 341190?
9
What is the ten thousands digit of 333651?
3
What is the thousands digit of 598122?
8
What is the tens digit of 213116?
1
What is the hundreds digit of 553159?
1
What is the hundreds digit of 150174?
1
What is the hundreds digit of 6763?
7
What is the hundreds digit of 3955037?
0
What is the hundreds digit of 1108109?
1
What is the thousands digit of 2444961?
4
What is the hundred thousands digit of 1515786?
5
What is the thousands digit of 3631757?
1
What is the thousands digit of 22669?
2
What is the tens digit of 935971?
7
What is the hundreds digit of 262033?
0
What is the thousands digit of 261635?
1
What is the ten millions digit of 15094506?
1
What is the thousands digit of 640774?
0
What is the tens digit of 12358037?
3
What is the units digit of 945790?
0
What is the thousands digit of 371789?
1
What is the hundred thousands digit of 331243?
3
What is the hundred thousands digit of 4921833?
9
What is the thousands digit of 389441?
9
What is the millions digit of 1254975?
1
What is the tens digit of 4377852?
5
What is the hundred thousands digit of 600641?
6
What is the thousands digit of 15319499?
9
What is the ten thousands digit of 6826177?
2
What is the thousands digit of 5333209?
3
What is the ten thousands digit of 201391?
0
What is the units digit of 255344?
4
What is the tens digit of 1809900?
0
What is the ten thousands digit of 737264?
3
What is the hundreds digit of 7383156?
1
What is the hundred thousands digit of 220713?
2
What is the tens digit of 645158?
5
What is the tens digit of 376671?
7
What is the units digit of 641519?
9
What is the tens digit of 2149281?
8
What is the ten millions digit of 18964100?
1
What is the units digit of 46193?
3
What is the ten thousands digit of 203746?
0
What is the ten thousands digit of 5405153?
0
What is the thousands digit of 855004?
5
What is the hundreds digit of 11131492?
4
What is the ten thousands digit of 24408528?
0
What is the thousands digit of 84595?
4
What is the tens digit of 6058256?
5
What is the ten thousands digit of 191490?
9
What is the hundred thousands digit of 335056?
3
What is the units digit of 1821554?
4
What is the hundred thousands digit of 174289?
1
What is the tens digit of 216376?
7
What is the tens digit of 7553991?
9
What is the hundred thousands digit of 1617872?
6
What is the tens digit of 3130885?
8
What is the hundred thousands digit of 13625582?
6
What is the ten thousands digit of 235829?
3
What is the millions digit of 5062829?
5
What is the units digit of 5391019?
9
What is the hundred thousands digit of 873709?
8
What is the ten thousands digit of 152312?
5
What is the hundreds digit of 6260806?
8
What is the millions digit of 2543598?
2
What is the thousands digit of 5332523?
2
What is the hundreds digit of 3157651?
6
What is the ten thousands digit of 159752?
5
What is the millions digit of 17919232?
7
What is the tens digit of 1739535?
3
What is the tens digit of 652455?
5
What is the hundred thousands digit of 142191?
1
What is the ten thousands digit of 107200?
0
What is the units digit of 17320687?
7
What is the hundred thousands digit of 703068?
7
What is the hundreds digit of 14551216?
2
What is the units digit of 1258106?
6
What is the tens digit of 12967409?
0
What is the ten thousands digit of 404899?
0
What is the hundreds digit of 32662549?
5
What is the millions digit of 7710887?
7
What is the hundred thousands digit of 1206086?
2
What is the tens digit of 296919?
1
What is the ten thousands digit of 7425597?
2
What is the millions digit of 7515188?
7
What is the units digit of 373624?
4
What is the ten thousands digit of 5352077?
5
What is the hundreds digit of 1852939?
9
What is the tens digit of 1632951?
5
What is the units digit of 5537673?
3
What is the hundreds digit of 10471314?
3
What is the ten thousands digit of 3709120?
0
What is the units digit of 20337740?
0
What is the tens digit of 1719212?
1
What is the hundred thousands digit of 5023105?
0
What is the hundreds digit of 3160659?
6
What is the hundreds digit of 3018519?
5
What is the units digit of 199064?
4
What is the hundreds digit of 43357?
3
What is the units digit of 566728?
8
What is the units digit of 2125449?
9
What is the units digit of 653019?
9
What is the thousands digit of 22882212?
2
What is the units digit of 445261?
1
What is the millions digit of 8566972?
8
What is the hundred thousands digit of 997891?
9
What is the units digit of 294535?
5
What is the units digit of 5489400?
0
What is the tens digit of 253241?
4
What is the tens digit of 24452000?
0
What is the units digit of 1272541?
1
What is the tens digit of 228190?
9
What is the hundred thousands digit of 744970?
7
What is the thousands digit of 868283?
8
What is the units digit of 1635290?
0
What is the thousands digit of 6655691?
5
What is the units digit of 1256952?
2
What is the tens digit of 17398?
9
What is the units digit of 741366?
6
What is the hundreds digit of 607529?
5
What is the millions digit of 3778336?
3
What is the tens digit of 177410?
1
What is the hundreds digit of 11904250?
2
What is the hundreds digit of 82271?
2
What is the hundred thousands digit of 459514?
4
What is the units digit of 296691?
1
What is the hundred thousands digit of 15108489?
1
What is the millions digit of 2376544?
2
What is the hundreds digit of 5456160?
1
What is the tens digit of 8037060?
6
What is the hundreds digit of 213044?
0
What is the hundreds digit of 330855?
8
What is the thousands digit of 340868?
0
What is the units digit of 559317?
7
What is the units digit of 2287178?
8
What is the ten thousands digit of 1932391?
3
What is the hundreds digit of 4179341?
3
What is the ten thousands digit of 134554?
3
What is the hundreds digit of 219502?
5
What is the ten millions digit of 11318868?
1
What is the hundreds digit of 1665676?
6
What is the thousands digit of 265892?
5
What is the ten thousands digit of 97130?
9
What is the tens digit of 15469224?
2
What is the hundred thousands digit of 891390?
8
What is the hundred thousands digit of 905015?
9
What is the thousands digit of 55193?
5
What is the hundreds digit of 174050?
0
What is the ten thousands digit of 5045157?
4
What is the thousands digit of 12522059?
2
What is the hundreds digit of 666197?
1
What is the hundreds digit of 8203486?
4
What is the hundred thousands digit of 421689?
4
What is the units digit of 278895?
5
What is the units digit of 534842?
2
What is the millions digit of 1646411?
1
What is the thousands digit of 7328442?
8
What is the tens digit of 242397?
9
What is the thousands digit of 493146?
3
What is the hundreds digit of 1791465?
4
What is the ten thousands digit of 209969?
0
What is the hundreds digit of 462002?
0
What is the units digit of 1425347?
7
What is the tens digit of 86979?
7
What is the millions digit of 2292027?
2
What is the thousands digit of 13039569?
9
What is the hundreds digit of 2976835?
8
What is the units digit of 372397?
7
What is the hundreds digit of 3601793?
7
What is the ten thousands digit of 1545172?
4
What is the tens digit of 14638806?
0
What is the tens digit of 4505924?
2
What is the thousands digit of 129749?
9
What is the thousands digit of 3958325?
8
What is the units digit of 437188?
8
What is the thousands digit of 29837?
9
What is the millions digit of 3522036?
3
What is the hundreds digit of 203588?
5
What is the tens digit of 7087042?
4
What is the hundreds digit of 321458?
4
What is the tens digit of 372683?
8
What is the hundreds digit of 3247822?
8
What is the thousands digit of 274959?
4
What is the thousands digit of 1038261?
8
What is the hundreds digit of 9725537?
5
What is the tens digit of 293215?
1
What is the thousands digit of 510206?
0
What is the hundreds digit of 707378?
3
What i